h - 1683. Suppose 9*a = 4*a + n. Is a prime?
True
Let p = 177 - -82. Let j = 436 - p. Is j prime?
False
Suppose w + w - 5*f = -33, w = 4*f - 21. Is (-879)/w - 2/3 composite?
False
Let o(t) = -1208*t - 25. Is o(-6) a prime number?
False
Let t(b) be the third derivative of -b**4/6 + 2*b**3/3 - 2*b**2. Let f be t(-5). Let m = -2 + f. Is m composite?
True
Is (-15)/20 + (-1199)/(-4) a prime number?
False
Let s = 5 + -4. Let k be (-2 + s)/((-6)/(-18)). Is (399/6)/(k/(-6)) composite?
True
Let n(k) = 11*k**3 + 6*k - 7. Is n(4) composite?
True
Let s be -6 - 8*(-1)/2. Is -503*(-1)/(s/(-2)) a prime number?
True
Is ((-7)/2)/((-17)/2006) a prime number?
False
Let f = 86 - 42. Let j be 6548/f + 2/11. Suppose 3*r - 2*r = j. Is r prime?
True
Suppose 4*p - 1 + 16 = 3*b, -5*b = -25. Suppose p = -3*a - 2*a + 1465. Is a a composite number?
False
Suppose -2*c + 7 = -3*c. Suppose -6*u - 28 = -4*u. Let x = c - u. Is x prime?
True
Let u(s) = 3*s. Let q be u(1). Suppose -q*y = -132 - 21. Is y a composite number?
True
Let m = -511 + 900. Is m composite?
False
Let q(b) = -6*b**3 - 3*b**2 - 16*b + 1. Is q(-6) composite?
True
Let s(c) = -11*c**3 + c**2 + 3*c - 1. Is s(-6) a composite number?
False
Let c be 4/2 + -4 + 0. Let s = 0 - c. Is (-1 - -3) + s + 7 a composite number?
False
Let q(a) = -13*a - 7. Let p be q(-6). Let y = -40 + p. Is y prime?
True
Let n = -2 - -2. Let k(u) = -u + 0*u + u**2 + n*u + 7. Is k(0) a prime number?
True
Suppose 2*f = -3 + 1. Let x(n) = 114*n**2 + 1. Is x(f) a composite number?
True
Suppose 5*p - 138 = -3*f, 4*p + 3*f = 71 + 40. Suppose -87 = -3*i + p. Is i a prime number?
False
Let s = 106 + -60. Is s composite?
True
Let m = -1 + 0. Is (0 - m)*(3 + -1) prime?
True
Let k(m) = -m**3 + 6*m**2 - 2*m + 7. Suppose 5*c - 31 = -6. Is k(c) a composite number?
True
Is ((-2)/6)/(3/(-2259)) prime?
True
Suppose -17 = 5*d - 167. Suppose -d = 5*b - 140. Is b prime?
False
Let s(g) = -5*g**3 - 4*g**2 + 8*g + 3. Is s(-7) composite?
True
Is 98 - (-2)/(-3)*66/44 a prime number?
True
Suppose -3*z + 2*z - 38399 = -5*w, -2*z + 15350 = 2*w. Is w a prime number?
False
Suppose 0 = -57*a + 53*a + 2996. Is a a composite number?
True
Let d(x) = 151*x + 8. Let f be d(6). Let m = f - 532. Is m a prime number?
False
Let c = -5 + 5. Suppose 5*x - 57 - 188 = c. Is x a prime number?
False
Suppose 0 = -4*q + q. Is q/(-2) - -89 - 0 a composite number?
False
Suppose 3 = -k + 5. Suppose l + k*u - 58 = 0, -4*l + 148 + 110 = -5*u. Is (-2)/(-4)*(l - 0) composite?
False
Let n(u) be the first derivative of u**4/4 - 3*u**3 + 11*u**2/2 - 5*u - 1. Is n(8) a prime number?
True
Let n be (1 - 0/2)*3. Suppose -2*h + 18 = n*y + h, -3*y = -5*h + 6. Suppose -y*o + 4*o - 47 = 0. Is o a composite number?
False
Let i(s) = s + 5. Let d be -1*(-3)/((-9)/21). Let h be i(d). Is (47 - 2) + h/(-2) a prime number?
False
Let m = 1511 - 298. Is m a composite number?
False
Let u = 21 + 0. Is (-1 - 0)*(6 - u) a composite number?
True
Suppose -2*j + 3 = 11. Let o = -2 - j. Suppose r + o*r = 21. Is r composite?
False
Suppose -14 - 9 = 5*v + 2*w, 3*w = 3*v + 18. Let m(t) = -t**3 - 4*t**2 - 3*t - 1. Is m(v) a prime number?
False
Is 10/15*(-39)/(-2) prime?
True
Let j(n) = -n**3 + 6*n + 4*n - 5*n + 2*n**3 - 3*n**2 + 1. Is j(4) a prime number?
True
Let k(y) be the third derivative of -y**4/12 - 2*y**2. Is k(-5) a prime number?
False
Suppose 4*i - 98 = -0*i - 2*w, -5*i + 124 = 2*w. Let u = i - -7. Is u a composite number?
True
Let a(j) = j**3 + j + 647. Is a(0) prime?
True
Suppose 0 = 3*m + 5*q - 3 - 1, -4 = -2*m - 2*q. Suppose -m*n = -374 - 415. Is n composite?
False
Suppose 21*x = 24*x - 1095. Is x a composite number?
True
Let n(j) = 307*j + 3. Is n(16) composite?
True
Let m(s) = -s**3 - 5*s**2 - 5*s + 12. Is m(-5) a prime number?
True
Is 3/(2/(-424)*-4) prime?
False
Suppose -2*d + w + 526 = -287, 1209 = 3*d + 2*w. Let s = 10 + d. Is s prime?
False
Suppose -4*t = -g - 12 + 2, 0 = 4*g - t + 25. Is (-6)/(-18) - 472/g a composite number?
False
Let m(j) = 2*j**2 + 3*j + 2. Let a be m(6). Let t = a - -121. Is t a composite number?
True
Suppose -5*l + 0*v = -4*v + 54, 2*l + 32 = -v. Is -3 + 7/(l/(-120)) a composite number?
True
Let o(n) = n**2 - 9*n + 13. Let g be 59/6 - (-1)/6. Is o(g) composite?
False
Let k be -1*(-3)/((-9)/(-12)). Let v be (k/10)/((-1)/(-5)). Is 26*((-1)/v)/(-1) a composite number?
False
Suppose w = -2*v + 359, 0*w + 4*w = 20. Is v prime?
False
Let m = -14 - -19. Suppose -2*r + m*v = -1477, 4*r - 2*v - 2243 = r. Is r prime?
True
Is -1 - -6*(220/8 - 1) composite?
True
Suppose 3*p + 57 = 6*p. Suppose -8*y + p = -7*y. Is y a composite number?
False
Let g = 4 - 6. Let k be 3 + -4*1 - g. Is -211*(0/(-3) - k) a prime number?
True
Suppose 6*c + 15 = 11*c. Suppose 41 - 2 = c*r. Is r composite?
False
Let q(v) = v**3 + 7*v**2 + 3. Let n be q(-5). Let l(w) = w**2 - 10*w + 12. Let y be l(8). Let s = n + y. Is s prime?
False
Let s(n) = 2*n**3 - 1. Let d be s(1). Suppose l - d = 5*v + 6, 2*v = l - 1. Is (-114)/v + (-8)/(-4) a prime number?
True
Suppose 2104 = -s + 9*s. Is s composite?
False
Let r = 11 + -5. Suppose 3*l + 0 = r. Suppose -l*b = 3*h - 90, 2*b + 0*h - 98 = -5*h. Is b a prime number?
False
Suppose 2*c - 5 = c. Let m = 2 - c. Is (23*(-3)/m)/1 prime?
True
Suppose 3*r + 1705 = 8*r. Is r composite?
True
Let o = 24 - 46. Is o*(0 - (-38)/(-4)) a composite number?
True
Let m = 237 - -90. Is m prime?
False
Let n be (-2 - -2) + 1 + -1. Suppose n*v + 263 = v. Is v a prime number?
True
Is ((-6)/4)/((-6)/220) composite?
True
Suppose -2*b - 6*c - 11 = -c, 2*c + 8 = b. Let g(v) = 5*v**2 + 29*v**2 + 3 + b*v + 11*v**2. Is g(-2) prime?
True
Let q(p) = -p**3 - 2*p**2 - 3*p + 1. Let x be (-1)/(-2 + (-52)/(-24)). Is q(x) composite?
False
Suppose 6 = -0*k + 2*k. Let o be (92/6)/(1/k). Let u = o - 9. Is u composite?
False
Suppose 0*h = -4*h - 796. Suppose 242 = -4*t - 246. Let f = t - h. Is f a prime number?
False
Let c be (-1)/((-2)/(-32)) + 1. Let q = -11 - c. Suppose -5*i = 3*n + 136 - 918, -633 = -q*i + 5*n. Is i a prime number?
True
Suppose -n = -2*n. Let x(i) = 3*i + 89. Let g(c) = -4*c - 89. Let j(o) = 4*g(o) + 5*x(o). Is j(n) prime?
True
Suppose 0 = f - 5*f + 228. Is f composite?
True
Suppose 5*y = -6 - 24. Suppose 2*x = -3*x - 5. Is ((-21)/y)/(x/(-10)) a prime number?
False
Let b(o) = -o**2 + 5*o - 4. Let k be b(3). Suppose 0*x = x - 5*c - 32, 0 = 2*c + 6. Suppose x = k*f - 99. Is f composite?
True
Let p = 1039 - 168. Is p prime?
False
Suppose 4*k - 6201 = 3*h + 3620, 10 = 2*h. Is k prime?
True
Let r be -1*4*(-5)/(-4). Let m(z) = -z**3 - 5*z**2 + 2. Let y be m(r). Is (3/(-6))/(y/(-364)) composite?
True
Let m be -1*(-1 + 2) + 3. Suppose -n - x - 74 = 0, 55 + 19 = -n - m*x. Let y = n - -123. Is y composite?
True
Is (-12)/(-54) - (-1544)/18 a composite number?
True
Let k be -4 + 0 + (-2)/2. Suppose 5*b + 3299 = 5*i + 8904, -2*b = -10. Is 1/k - i/30 a prime number?
True
Let z be 3*11*(-16)/(-12). Let k(f) = 29*f + 5. Let r be k(4). Let y = r - z. Is y a composite number?
True
Let t(l) = 2*l**2 - 6*l - 7. Let j be t(5). Let x = j + -5. Let q(i) = 2*i - 6. Is q(x) composite?
True
Let c(d) = -d**3 - 19*d**2 - 20*d + 13. Is c(-18) a prime number?
False
Is (-6324)/(-16) + (-3)/12 a composite number?
True
Suppose -4*v + 603 - 215 = 0. Is v a composite number?
False
Let z = 4 + -2. Let f(j) = 159*j + 1. Let k be f(z). Suppose 0*s - h = -3*s + 238, 3*h + k = 4*s. Is s composite?
False
Let f = -377 - -534. Is f a composite number?
False
Let o(z) = -6*z - z + z - 1. Let c be o(-2). Let y = 21 - c. Is y composite?
True
Let g = 2267 + -1468. Suppose 3*a - 104 - 158 = -v, 0 = 3*v - 4*a - g. Is v a prime number?
False
Suppose 177 = -4*k + 7*k. Is k composite?
False
Let x(a) = -a**3 - 4*a**2 + 9533. Is x(0) composite?
False
Let d(b) = -b**2 - b + 2. Let g be d(-2). Suppose v = 3*v + 3*r - 265, -3*v + 2*r + 391 = g. Is v prime?
True
Let d(t) be the third derivative of -t**6/120 + 7*t**5/60 + t**3/6 - 2*t**2. Is d(6) a prime number?
True
Suppose 4*g - g = 0. Suppose 4*p - p - 102 = 0. Suppose g*j = j - p. Is j composite?
True
Let k(l) = -6*l - 4. Let s(x) = 5*x + 5. Let w(b) = -4*k(b) - 3*s(b). Let v be w(-2). Let r = v - -48. Is r a prime number?
True
Let o = 1301 - 652. Is o a composite number?
True
Let l(r) = r**2 - 3. Let g be